{"id":35,"date":"2026-03-23T13:32:39","date_gmt":"2026-03-23T13:32:39","guid":{"rendered":"https:\/\/auroh.be\/?page_id=35"},"modified":"2026-03-25T08:06:27","modified_gmt":"2026-03-25T08:06:27","slug":"about","status":"publish","type":"page","link":"https:\/\/auroh.be\/index.php\/about\/","title":{"rendered":"Notre Histoire"},"content":{"rendered":"\n<h2 class=\"wp-block-heading has-large-font-size\" id=\"inspiro-is-a-digital-product-agency-that-focuses-on-strategy-and-design\" style=\"font-style:normal;font-weight:100\"><strong>Auroh<\/strong>, une marque artisanale, locale et engag\u00e9e.<\/h2>\n\n\n\n<p id=\"inspiro-is-a-digital-product-agency-that-focuses-on-strategy-and-design\"><strong>AUROH<\/strong>, c&#8217;est <strong>AUR<\/strong>UM, l&#8217;or en latin, pour la richesse du produit ; le <strong>0 <\/strong>de l&#8217;assiette, du partage ; et le <strong>H <\/strong>de l&#8217;humain<\/p>\n\n\n\n<p id=\"inspiro-is-a-digital-product-agency-that-focuses-on-strategy-and-design\">AUROH est n\u00e9e en Wallonie picarde avec la volont\u00e9 de proposer des p\u00e2tes artisanales, authentiques et humaines.<\/p>\n\n\n\n<hr class=\"wp-block-separator has-alpha-channel-opacity is-style-wide\"\/>\n\n\n\n<div class=\"wp-block-columns alignwide is-layout-flex wp-container-core-columns-is-layout-28f84493 wp-block-columns-is-layout-flex\">\n<div class=\"wp-block-column is-vertically-aligned-top is-layout-flow wp-block-column-is-layout-flow\">\n<figure class=\"wp-block-image size-full is-resized\"><img loading=\"lazy\" decoding=\"async\" width=\"1000\" height=\"1000\" src=\"https:\/\/auroh.be\/wp-content\/uploads\/2026\/03\/rene-cuvelier.jpg\" alt=\"\" class=\"wp-image-92\" style=\"width:264px;height:auto\" srcset=\"https:\/\/auroh.be\/wp-content\/uploads\/2026\/03\/rene-cuvelier.jpg 1000w, https:\/\/auroh.be\/wp-content\/uploads\/2026\/03\/rene-cuvelier-300x300.jpg 300w, https:\/\/auroh.be\/wp-content\/uploads\/2026\/03\/rene-cuvelier-150x150.jpg 150w\" sizes=\"auto, (max-width: 1000px) 100vw, 1000px\" \/><\/figure>\n\n\n\n<p class=\"has-black-color has-text-color has-medium-font-size\"><kbd>Mon Histoire<\/kbd><\/p>\n\n\n\n<p class=\"has-text-color\" style=\"color:#7a7a7a\">Je m\u2019appelle Ren\u00e9 Cuvelier, fils d\u2019agriculteur \u00e0 Isi\u00e8res.<\/p>\n\n\n\n<p class=\"has-text-color\" style=\"color:#7a7a7a\">Apr\u00e8s plus de 30 ans dans l\u2019industrie,<br>j\u2019ai souhait\u00e9 cr\u00e9er un projet porteur de sens :<br>une marque de p\u00e2tes artisanales, locales et inclusives.<\/p>\n<\/div>\n\n\n\n<div class=\"wp-block-column is-layout-flow wp-block-column-is-layout-flow\">\n<figure class=\"wp-block-image size-full\"><img loading=\"lazy\" decoding=\"async\" width=\"487\" height=\"326\" src=\"http:\/\/auroh.be\/wp-content\/uploads\/2026\/03\/rucher.png\" alt=\"\" class=\"wp-image-93\" srcset=\"https:\/\/auroh.be\/wp-content\/uploads\/2026\/03\/rucher.png 487w, https:\/\/auroh.be\/wp-content\/uploads\/2026\/03\/rucher-300x201.png 300w\" sizes=\"auto, (max-width: 487px) 100vw, 487px\" \/><\/figure>\n\n\n\n<p class=\"has-black-color has-text-color has-medium-font-size\" style=\"border-top-left-radius:0px;border-top-right-radius:0px;border-bottom-left-radius:0px;border-bottom-right-radius:0px\"><kbd>Notre<\/kbd> <kbd>production<\/kbd><\/p>\n\n\n\n<p class=\"has-text-color\" style=\"color:#7a7a7a\">Nos p\u00e2tes s\u00e8ches sont produites en Wallonie picarde dans la r\u00e9gion de Ath, en collaboration avec une entreprise de travail adapt\u00e9 pr\u00e9nomm\u00e9 le rucher.<\/p>\n\n\n\n<p class=\"has-text-color\" style=\"color:#7a7a7a\">Fa\u00e7onn\u00e9es selon un proc\u00e9d\u00e9 au bronze,<br>elles offrent une texture authentique et une qualit\u00e9 unique<\/p>\n<\/div>\n\n\n\n<div class=\"wp-block-column is-layout-flow wp-block-column-is-layout-flow\">\n<figure class=\"wp-block-image size-full\"><img loading=\"lazy\" decoding=\"async\" width=\"600\" height=\"400\" src=\"https:\/\/auroh.be\/wp-content\/uploads\/2026\/03\/pates-radiatori.webp\" alt=\"\" class=\"wp-image-95\" srcset=\"https:\/\/auroh.be\/wp-content\/uploads\/2026\/03\/pates-radiatori.webp 600w, https:\/\/auroh.be\/wp-content\/uploads\/2026\/03\/pates-radiatori-300x200.webp 300w\" sizes=\"auto, (max-width: 600px) 100vw, 600px\" \/><\/figure>\n\n\n\n<p class=\"has-black-color has-text-color has-medium-font-size\"><kbd>Notre gamme<\/kbd><\/p>\n\n\n\n<p class=\"has-text-color\" style=\"color:#7a7a7a\">AUROH propose aujourd\u2019hui des p\u00e2tes s\u00e8ches artisanales, notamment des radiatori et des cr\u00eates de coq, aux formes originales et adapt\u00e9es \u00e0 toutes vos recettes.<\/p>\n\n\n\n<p class=\"has-text-color\" style=\"color:#7a7a7a\">Chaque p\u00e2te est con\u00e7ue pour offrir une texture id\u00e9ale et sublimer les sauces..<\/p>\n<\/div>\n<\/div>\n\n\n\n<div style=\"height:1px\" aria-hidden=\"true\" class=\"wp-block-spacer\"><\/div>\n\n\n\n<div class=\"wp-block-cover alignfull is-repeated\" style=\"padding-top:50px;padding-right:50px;padding-bottom:50px;padding-left:50px;min-height:95px;aspect-ratio:unset;\"><div class=\"wp-block-cover__image-background wp-image-163 size-full is-repeated\" style=\"background-position:50% 50%;background-image:url(http:\/\/auroh.be\/wp-content\/uploads\/2026\/03\/Design-sans-titre.png)\"><\/div><span aria-hidden=\"true\" class=\"wp-block-cover__background has-black-background-color has-background-dim\"><\/span><div class=\"wp-block-cover__inner-container is-layout-flow wp-block-cover-is-layout-flow\">\n<p class=\"has-text-align-center has-large-font-size\"><\/p>\n<\/div><\/div>\n","protected":false},"excerpt":{"rendered":"<p>Auroh, une marque artisanale, locale et engag\u00e9e. AUROH, c&#8217;est AURUM, l&#8217;or en latin, pour la richesse du produit ; le 0 de l&#8217;assiette, du partage ; et le H de l&#8217;humain AUROH est n\u00e9e en Wallonie picarde avec la volont\u00e9 de proposer des p\u00e2tes artisanales, authentiques et humaines. Mon Histoire Je m\u2019appelle Ren\u00e9 Cuvelier, fils &hellip; <\/p>\n<p class=\"link-more\"><a href=\"https:\/\/auroh.be\/index.php\/about\/\" class=\"more-link\">Read more<span class=\"screen-reader-text\"> &#8220;Notre Histoire&#8221;<\/span><\/a><\/p>\n","protected":false},"author":1,"featured_media":112,"parent":0,"menu_order":0,"comment_status":"closed","ping_status":"closed","template":"","meta":{"inspiro_hide_title":false,"footnotes":""},"class_list":["post-35","page","type-page","status-publish","has-post-thumbnail","hentry"],"_links":{"self":[{"href":"https:\/\/auroh.be\/index.php\/wp-json\/wp\/v2\/pages\/35","targetHints":{"allow":["GET"]}}],"collection":[{"href":"https:\/\/auroh.be\/index.php\/wp-json\/wp\/v2\/pages"}],"about":[{"href":"https:\/\/auroh.be\/index.php\/wp-json\/wp\/v2\/types\/page"}],"author":[{"embeddable":true,"href":"https:\/\/auroh.be\/index.php\/wp-json\/wp\/v2\/users\/1"}],"replies":[{"embeddable":true,"href":"https:\/\/auroh.be\/index.php\/wp-json\/wp\/v2\/comments?post=35"}],"version-history":[{"count":21,"href":"https:\/\/auroh.be\/index.php\/wp-json\/wp\/v2\/pages\/35\/revisions"}],"predecessor-version":[{"id":199,"href":"https:\/\/auroh.be\/index.php\/wp-json\/wp\/v2\/pages\/35\/revisions\/199"}],"wp:featuredmedia":[{"embeddable":true,"href":"https:\/\/auroh.be\/index.php\/wp-json\/wp\/v2\/media\/112"}],"wp:attachment":[{"href":"https:\/\/auroh.be\/index.php\/wp-json\/wp\/v2\/media?parent=35"}],"curies":[{"name":"wp","href":"https:\/\/api.w.org\/{rel}","templated":true}]}}